{"id":1176,"date":"2022-09-09T15:11:49","date_gmt":"2022-09-09T13:11:49","guid":{"rendered":"https:\/\/fialavojtech.cz\/domains\/fialavojtech.cz\/?page_id=1176"},"modified":"2022-09-09T15:13:39","modified_gmt":"2022-09-09T13:13:39","slug":"dulezite-upozorneni-informacni-dokument","status":"publish","type":"page","link":"https:\/\/fialavojtech.cz\/domains\/fialavojtech.cz\/dulezite-upozorneni-informacni-dokument\/","title":{"rendered":"D\u016fle\u017eit\u00e9 upozorn\u011bn\u00ed &#8211; informa\u010dn\u00ed dokument"},"content":{"rendered":"<div id=\"pl-1176\"  class=\"panel-layout\" ><div id=\"pg-1176-0\"  class=\"panel-grid panel-no-style\" ><div id=\"pgc-1176-0-0\"  class=\"panel-grid-cell\" ><div id=\"panel-1176-0-0-0\" class=\"so-panel widget widget_sow-editor panel-first-child panel-last-child\" data-index=\"0\" ><div\n\t\t\t\n\t\t\tclass=\"so-widget-sow-editor so-widget-sow-editor-base\"\n\t\t\t\n\t\t>\n<div class=\"siteorigin-widget-tinymce textwidget\">\n\t<ol>\n<li>Pozice Ing. Vojt\u011bcha Fialy \u2013 autor webu <a href=\"https:\/\/fialavojtech.cz\/domains\/fialavojtech.cz\">www.fialavojtech.cz<\/a><br \/>\nIng. Vojt\u011bch Fiala nevykon\u00e1v\u00e1 \u017e\u00e1dn\u00e9 investi\u010dn\u00ed, poji\u0161\u0165ovac\u00ed \u010di jin\u00e9 slu\u017eby, kter\u00e9 jsou pod dohledem \u010cesk\u00e9 n\u00e1rodn\u00ed banky, vlastn\u00edm jm\u00e9nem jako samostatn\u00fd podnikatel, ale jako:<\/p>\n<ol type=\"a\">\n<li>Statut\u00e1rn\u00ed org\u00e1n (jednatel) spole\u010dnosti CLEVERTY Invest s.r.o., I\u010cO 26897121, se s\u00eddlem Slezsk\u00e1 2127\/13, 120 00 Praha 2. Spole\u010dnost je dr\u017eitelem povolen\u00ed k \u010dinnosti investi\u010dn\u00edho zprost\u0159edkovatele ud\u011blen\u00e9ho \u010ceskou n\u00e1rodn\u00ed bankou, se s\u00eddlem Na P\u0159\u00edkop\u011b 28, 115 03 Praha 1, +420 224 411 111, <a href=\"www.cnb.cz\" target=\"_blank\" rel=\"noopener\">www.cnb.cz<\/a> (d\u00e1le t\u00e9\u017e \u201e\u010cNB\u201c), na z\u00e1klad\u011b kter\u00e9ho je CLEVERTY Invest s.r.o. opr\u00e1vn\u011bna k poskytov\u00e1n\u00ed investi\u010dn\u00edch slu\u017eeb dle z\u00e1kona \u010d. 256\/2004 Sb., o podnik\u00e1n\u00ed na kapit\u00e1lov\u00e9m trhu, ve zn\u011bn\u00ed pozd\u011bj\u0161\u00edch p\u0159edpis\u016f (d\u00e1le jen \u201eZPKT\u201c). \u010cNB vykon\u00e1v\u00e1 dohled nad \u010dinnost\u00ed CLEVERTY Invest s.r.o. V\u00edce na <a href=\"http:\/\/www.clevertyinvest.cz\" target=\"_blank\" rel=\"noopener\">www.clevertyinvest.cz<\/a><\/li>\n<li>Statut\u00e1rn\u00ed org\u00e1n (jednatel) spole\u010dnosti CLEVERTY Advisors s.r.o., I\u010cO 06181431, se s\u00eddlem Slezsk\u00e1 2127\/13, 120 00 Praha 2. Spole\u010dnost je dr\u017eitelem povolen\u00ed k \u010dinnosti investi\u010dn\u00edho zprost\u0159edkovatele ud\u011blen\u00e9ho \u010ceskou n\u00e1rodn\u00ed bankou, se s\u00eddlem Na P\u0159\u00edkop\u011b 28, 115 03 Praha 1, +420 224 411 111, www.cnb.cz (d\u00e1le t\u00e9\u017e \u201e\u010cNB\u201c), na z\u00e1klad\u011b kter\u00e9ho je CLEVERTY Advisors s.r.o. opr\u00e1vn\u011bna k poskytov\u00e1n\u00ed investi\u010dn\u00edch slu\u017eeb dle z\u00e1kona \u010d. 256\/2004 Sb., o podnik\u00e1n\u00ed na kapit\u00e1lov\u00e9m trhu, ve zn\u011bn\u00ed pozd\u011bj\u0161\u00edch p\u0159edpis\u016f (d\u00e1le jen \u201eZPKT\u201c). \u010cNB vykon\u00e1v\u00e1 dohled nad \u010dinnost\u00ed CLEVERTY Advisors s.r.o. V\u00edce na <a href=\"http:\/\/www.clevertyadvisors.cz\" target=\"_blank\" rel=\"noopener\">www.clevertyadvisors.cz<\/a><\/li>\n<li>Statut\u00e1rn\u00ed org\u00e1n (jednatel) spole\u010dnosti CLEVERTY Insurance s.r.o., I\u010cO 07305541, se s\u00eddlem Slezsk\u00e1 2127\/13, 120 00 Praha 2. Spole\u010dnost je zaps\u00e1na jako v\u00e1zan\u00fd z\u00e1stupce samostatn\u00e9ho zprost\u0159edkovatele poji\u0161t\u011bn\u00ed HV Group, s.r.o., I\u010cO 27255999, se s\u00eddlem Jind\u0159icha Plachty 3163\/28, 150 00, Praha, Sm\u00edchov.<\/li>\n<\/ol>\n<\/li>\n<\/ol>\n<p>Vyjma t\u011bchto spole\u010dnost\u00ed v\u00fd\u0161e uveden\u00fdch, kter\u00e9 jsou pod dohledem \u010cesk\u00e9 n\u00e1rodn\u00ed banky, figuruje Ing. Vojt\u011bch Fiala jako:<\/p>\n<ul>\n<li>\u010dlen dozor\u010d\u00ed rady spole\u010dnosti \u010ceskomoravsk\u00fd fond SICAV, a.s., I\u010cO, se s\u00eddlem<\/li>\n<li>jednatel spole\u010dnosti VALUS Services s.r.o., I\u010cO, se s\u00eddlem (bude tak\u00e9 Slezsk\u00e1)<\/li>\n<li>samostatn\u00fd podnikatel, I\u010cO, s\u00eddlem Jan\u00e1\u010dkova 392, 252 25 Jino\u010dany.<\/li>\n<\/ul>\n<ol start=\"2\">\n<li>Omezen\u00ed odpov\u011bdnosti a povaha zve\u0159ej\u0148ovan\u00fdch informac\u00ed<br \/>\nZve\u0159ej\u0148ovan\u00e9 informace jsou ur\u010deny pro informativn\u00ed \u00fa\u010dely a nelze je pova\u017eovat za doporu\u010den\u00ed n\u00e1kupu investi\u010dn\u00edch n\u00e1stroj\u016f ani za \u017e\u00e1dn\u00fd druh investi\u010dn\u00edho \u010di jin\u00e9ho poradenstv\u00ed \u010di zprost\u0159edkov\u00e1n\u00ed. P\u0159ed n\u00e1kupem investi\u010dn\u00edho n\u00e1stroje je v\u017edy zapot\u0159eb\u00ed, aby se investor v\u017edy podrobn\u011b sezn\u00e1mil s parametry investi\u010dn\u00edho n\u00e1stroje a souvisej\u00edc\u00edmi riziky a do\u0161lo k vyhodnocen\u00ed, zdali jeho investi\u010dn\u00ed profil odpov\u00edd\u00e1 zam\u00fd\u0161len\u00e9 investici. Zhodnocen\u00ed, v\u00fdkonnost \u010di jin\u00e9 parametry dosa\u017een\u00e9 jednotliv\u00fdmi investi\u010dn\u00edmi n\u00e1stroji v minulosti nemohou v \u017e\u00e1dn\u00e9m p\u0159\u00edpad\u011b slou\u017eit jako spolehliv\u00fd ukazatel \u010di z\u00e1ruka budouc\u00edho zhodnocen\u00ed, v\u00fdkonnosti \u010di jin\u00fdch parametr\u016f takov\u00fdchto nebo obdobn\u00fdch investi\u010dn\u00edch n\u00e1stroj\u016f. S investic\u00ed na kapit\u00e1lov\u00e9m trhu je v\u017edy spojeno riziko kol\u00eds\u00e1n\u00ed hodnoty a n\u00e1vratnost p\u016fvodn\u011b investovan\u00fdch prost\u0159edk\u016f nen\u00ed zaru\u010dena. A\u010dkoliv ve\u0161ker\u00e9 zve\u0159ejn\u011bn\u00e9 informace a n\u00e1zory poch\u00e1zej\u00ed nebo jsou zalo\u017eeny na zdroj\u00edch, kter\u00e9 autor pova\u017euje za d\u016fv\u011bryhodn\u00e9, autor neposkytuje \u017e\u00e1dnou z\u00e1ruku jejich \u00faplnosti \u010di p\u0159esnosti a nep\u0159eb\u00edr\u00e1 odpov\u011bdnost za ztr\u00e1tu nebo \u0161kodu zp\u016fsobenou pou\u017eit\u00edm t\u011bchto informac\u00ed.<br \/>\nN\u011bkter\u00e9 zve\u0159ejn\u011bn\u00e9 \u010dl\u00e1nky maj\u00ed z podstaty povahu osobn\u00edho n\u00e1zoru autora, nelze je tedy v \u017e\u00e1dn\u00fdm p\u0159\u00edpad\u011b reprodukovat \u010di interpretovat jako anal\u00fdzu \u010di univerz\u00e1ln\u011b platn\u00e9 sd\u011blen\u00ed.<\/li>\n<\/ol>\n<\/div>\n<\/div><\/div><\/div><\/div><\/div>","protected":false},"excerpt":{"rendered":"<p>Pozice Ing. Vojt\u011bcha Fialy \u2013 autor webu www.fialavojtech.cz Ing. Vojt\u011bch Fiala nevykon\u00e1v\u00e1 \u017e\u00e1dn\u00e9 investi\u010dn\u00ed, poji\u0161\u0165ovac\u00ed \u010di jin\u00e9 slu\u017eby, kter\u00e9 jsou pod dohledem \u010cesk\u00e9 n\u00e1rodn\u00ed banky, vlastn\u00edm jm\u00e9nem jako samostatn\u00fd podnikatel, [&hellip;]<\/p>\n","protected":false},"author":1,"featured_media":0,"parent":0,"menu_order":0,"comment_status":"closed","ping_status":"closed","template":"","meta":{"inline_featured_image":false},"aioseo_notices":[],"_links":{"self":[{"href":"https:\/\/fialavojtech.cz\/domains\/fialavojtech.cz\/wp-json\/wp\/v2\/pages\/1176"}],"collection":[{"href":"https:\/\/fialavojtech.cz\/domains\/fialavojtech.cz\/wp-json\/wp\/v2\/pages"}],"about":[{"href":"https:\/\/fialavojtech.cz\/domains\/fialavojtech.cz\/wp-json\/wp\/v2\/types\/page"}],"author":[{"embeddable":true,"href":"https:\/\/fialavojtech.cz\/domains\/fialavojtech.cz\/wp-json\/wp\/v2\/users\/1"}],"replies":[{"embeddable":true,"href":"https:\/\/fialavojtech.cz\/domains\/fialavojtech.cz\/wp-json\/wp\/v2\/comments?post=1176"}],"version-history":[{"count":2,"href":"https:\/\/fialavojtech.cz\/domains\/fialavojtech.cz\/wp-json\/wp\/v2\/pages\/1176\/revisions"}],"predecessor-version":[{"id":1178,"href":"https:\/\/fialavojtech.cz\/domains\/fialavojtech.cz\/wp-json\/wp\/v2\/pages\/1176\/revisions\/1178"}],"wp:attachment":[{"href":"https:\/\/fialavojtech.cz\/domains\/fialavojtech.cz\/wp-json\/wp\/v2\/media?parent=1176"}],"curies":[{"name":"wp","href":"https:\/\/api.w.org\/{rel}","templated":true}]}}